{"id":3,"date":"2008-02-07T23:35:38","date_gmt":"2008-02-07T22:35:38","guid":{"rendered":"https:\/\/bitacola.actiu.info\/vibracions\/sobre"},"modified":"2008-02-07T23:35:38","modified_gmt":"2008-02-07T22:35:38","slug":"sobre","status":"publish","type":"page","link":"https:\/\/bitacola.actiu.info\/vibracions\/sobre","title":{"rendered":"Sobre aquesta bit\u00e0cola"},"content":{"rendered":"<p>Reapareix la revista &#8220;Vibracions&#8221;, i cada vegada amb m\u00e9s pres\u00e8ncia als carrers de l&#8217;Escala. Gent de la CNT-AIT i simpatitzants de l&#8217;Escala ens hem anat aplegant per a fer la III \u00e8poca de la revista &#8220;Vibracions&#8221;, que paulatinament ha anat passant d&#8217;internet al paper per a facilitar la lectura a tothom.<\/p>\n<p>&#8220;Vibraciones&#8221; fou un butllet\u00ed publicat per la CNT-AIT en la seva primera \u00e8poca a la d\u00e8cada de 1930 a l&#8217;Alt Empord\u00e0, la segona \u00e8poca ja fou amb el t\u00edtol en catal\u00e0 &#8220;Vibracions&#8221; a la d\u00e8cada de 1970 entre Roses i l&#8217;Escala, i la tercera \u00e8poca s&#8217;ha rescatat des del desembre de 2007 a l&#8217;Escala coincidint amb una campanya sindical.<\/p>\n<p>En aquesta bit\u00e0cola, per\u00f2, es recullen els articles que per raons d&#8217;espai no han tingut cabuda a la revista impresa. Si vols veure la revista distribu\u00efda al carrer, ves a la <a href=\"http:\/\/www.actiu.info\/vibracions\/\">p\u00e0gina principal de Vibracions<\/a>.<\/p>\n","protected":false},"excerpt":{"rendered":"<p>Reapareix la revista &#8220;Vibracions&#8221;, i cada vegada amb m\u00e9s pres\u00e8ncia als carrers de l&#8217;Escala. Gent de la CNT-AIT i simpatitzants de l&#8217;Escala ens hem anat aplegant per a fer la III \u00e8poca de la revista &#8220;Vibracions&#8221;, que paulatinament ha anat passant d&#8217;internet al paper per a facilitar la lectura a tothom. &#8220;Vibraciones&#8221; fou un butllet\u00ed [&hellip;]<\/p>\n","protected":false},"author":4,"featured_media":0,"parent":0,"menu_order":0,"comment_status":"open","ping_status":"closed","template":"","meta":{"footnotes":""},"class_list":["post-3","page","type-page","status-publish","hentry"],"_links":{"self":[{"href":"https:\/\/bitacola.actiu.info\/vibracions\/wp-json\/wp\/v2\/pages\/3","targetHints":{"allow":["GET"]}}],"collection":[{"href":"https:\/\/bitacola.actiu.info\/vibracions\/wp-json\/wp\/v2\/pages"}],"about":[{"href":"https:\/\/bitacola.actiu.info\/vibracions\/wp-json\/wp\/v2\/types\/page"}],"author":[{"embeddable":true,"href":"https:\/\/bitacola.actiu.info\/vibracions\/wp-json\/wp\/v2\/users\/4"}],"replies":[{"embeddable":true,"href":"https:\/\/bitacola.actiu.info\/vibracions\/wp-json\/wp\/v2\/comments?post=3"}],"version-history":[{"count":0,"href":"https:\/\/bitacola.actiu.info\/vibracions\/wp-json\/wp\/v2\/pages\/3\/revisions"}],"wp:attachment":[{"href":"https:\/\/bitacola.actiu.info\/vibracions\/wp-json\/wp\/v2\/media?parent=3"}],"curies":[{"name":"wp","href":"https:\/\/api.w.org\/{rel}","templated":true}]}}

Sobre aquesta bitàcola

<p>Reapareix la revista &#8220;Vibracions&#8221;, i cada vegada amb més presència als carrers de l&#8217;Escala. Gent de la CNT-AIT i simpatitzants de l&#8217;Escala ens hem anat aplegant per a fer la III època de la revista &#8220;Vibracions&#8221;, que paulatinament ha anat passant d&#8217;internet al paper per a facilitar la lectura a tothom.</p>
<p>&#8220;Vibraciones&#8221; fou un butlletí publicat per la CNT-AIT en la seva primera època a la dècada de 1930 a l&#8217;Alt Empordà, la segona època ja fou amb el títol en català &#8220;Vibracions&#8221; a la dècada de 1970 entre Roses i l&#8217;Escala, i la tercera època s&#8217;ha rescatat des del desembre de 2007 a l&#8217;Escala coincidint amb una campanya sindical.</p>
<p>En aquesta bitàcola, però, es recullen els articles que per raons d&#8217;espai no han tingut cabuda a la revista impresa. Si vols veure la revista distribuïda al carrer, ves a la <a href="http://www.actiu.info/vibracions/">pàgina principal de Vibracions</a>.</p>

<p>Reapareix la revista &#8220;Vibracions&#8221;, i cada vegada amb més presència als carrers de l&#8217;Escala. Gent de la CNT-AIT i simpatitzants de l&#8217;Escala ens hem anat aplegant per a fer la III època de la revista &#8220;Vibracions&#8221;, que paulatinament ha anat passant d&#8217;internet al paper per a facilitar la lectura a tothom. &#8220;Vibraciones&#8221; fou un butlletí [&hellip;]</p>
